{"id":87,"date":"2022-02-24T12:59:48","date_gmt":"2022-02-24T11:59:48","guid":{"rendered":"http:\/\/neu.copythek.de\/?page_id=87"},"modified":"2022-05-19T17:28:56","modified_gmt":"2022-05-19T15:28:56","slug":"cad-planplott","status":"publish","type":"page","link":"https:\/\/www.copythek.de\/?page_id=87","title":{"rendered":"CAD-Planplott"},"content":{"rendered":"\n<figure class=\"wp-block-image size-large is-style-default\"><img loading=\"lazy\" decoding=\"async\" width=\"1024\" height=\"278\" src=\"https:\/\/www.copythek.de\/wp-content\/uploads\/2022\/03\/CAD-1024x278.jpg\" alt=\"\" class=\"wp-image-122\" srcset=\"https:\/\/www.copythek.de\/wp-content\/uploads\/2022\/03\/CAD-1024x278.jpg 1024w, https:\/\/www.copythek.de\/wp-content\/uploads\/2022\/03\/CAD-300x82.jpg 300w, https:\/\/www.copythek.de\/wp-content\/uploads\/2022\/03\/CAD-768x209.jpg 768w, https:\/\/www.copythek.de\/wp-content\/uploads\/2022\/03\/CAD-400x109.jpg 400w, https:\/\/www.copythek.de\/wp-content\/uploads\/2022\/03\/CAD.jpg 1119w\" sizes=\"auto, (max-width: 1024px) 100vw, 1024px\" \/><\/figure>\n\n\n\n<div class=\"wp-block-columns is-layout-flex wp-container-core-columns-is-layout-9d6595d7 wp-block-columns-is-layout-flex\">\n<div class=\"wp-block-column is-layout-flow wp-block-column-is-layout-flow\">\n<p class=\"has-primary-dark-color has-text-color\"><strong>Unser Angebot f\u00fcr Architekten und Planer, Ingenieure, Konstrukteure u.a.:<\/strong><\/p>\n\n\n\n<p class=\"has-primary-dark-color has-text-color\"><br><strong>Wir plotten Ihre Dateien schnell, zuverl\u00e4ssig und in hoher Qualit\u00e4t ausschlie\u00dflich auf modernen <br>Plott-Systemen.<\/strong><\/p>\n\n\n\n<h4><strong>CAD-Plotservice <br \/>in s\/w und Farbe.<\/strong><\/h4>\n\n\n\n<p class=\"has-primary-dark-color has-text-color\">Auch im Farbplottbereich garantieren wir eine hohe Qualit\u00e4t und kurzfristige Fertigungszeiten.<\/p>\n\n\n\n<p class=\"has-primary-dark-color has-text-color\"><strong>Plottdateien im PDF-Format k\u00f6nnen<\/strong><br><strong>auf Datentr\u00e4ger oder per Email <br>an uns \u00fcbergeben werden. <\/strong><\/p>\n\n\n\n<p class=\"has-primary-dark-color has-text-color\"><br>Legen Sie einfach eine Textdatei <br>als Auftrag bei.<br>Bitte beachten Sie das die Pl\u00e4ne <br>in dem Ma\u00dfstab angelegt sind in <br>dem sie ausgedruckt werden sollen.<\/p>\n\n\n\n<p class=\"has-primary-dark-color has-text-color\"> <br>Wir k\u00f6nnen keine ma\u00dfstabsgerechte Vergr\u00f6\u00dferung oder Verkleinerung anbieten!<\/p>\n\n\n\n<p class=\"has-primary-dark-color has-text-color\"><strong>Preise erfahren Sie auf Anfrage<\/strong><\/p>\n<\/div>\n\n\n\n<div class=\"wp-block-column is-layout-flow wp-block-column-is-layout-flow\">\n<p>Information<\/p>\n\n\n\n<p>Maximale Druckma\u00dfe<br>1050x2700mm<\/p>\n\n\n\n<p>Zuschnitt inkl.<br><\/p>\n\n\n\n<p>Falten inkl.<br><\/p>\n\n\n\n<p>Lochverst\u00e4rker exkl.<\/p>\n\n\n\n<p><strong><a href=\"http:\/\/neu.copythek.de\/?page_id=237\" data-type=\"page\" data-id=\"237\">Auch bieten wir das kopieren oder scannnen (digitalisieren) bereits bestehender Pl\u00e4ne an.<\/a><\/strong><\/p>\n\n\n\n<p><br>SW oder farbig, entweder 1:1 Ma\u00dfstabsgerecht oder vergr\u00f6\u00dfert \/verkleinert (nicht Ma\u00dfstabsgerecht)<\/p>\n<\/div>\n<\/div>\n\n\n\n<figure class=\"wp-block-image size-full is-style-default\"><img loading=\"lazy\" decoding=\"async\" width=\"550\" height=\"309\" src=\"https:\/\/www.copythek.de\/wp-content\/uploads\/2022\/03\/swcad.jpg\" alt=\"\" class=\"wp-image-130\" srcset=\"https:\/\/www.copythek.de\/wp-content\/uploads\/2022\/03\/swcad.jpg 550w, https:\/\/www.copythek.de\/wp-content\/uploads\/2022\/03\/swcad-300x169.jpg 300w, https:\/\/www.copythek.de\/wp-content\/uploads\/2022\/03\/swcad-400x225.jpg 400w\" sizes=\"auto, (max-width: 550px) 100vw, 550px\" \/><\/figure>\n","protected":false},"excerpt":{"rendered":"<p>Unser Angebot f\u00fcr Architekten und Planer, Ingenieure, Konstrukteure u.a.: Wir plotten Ihre Dateien schnell, zuverl\u00e4ssig und in hoher Qualit\u00e4t ausschlie\u00dflich auf modernen Plott-Systemen. CAD-Plotservice in s\/w und Farbe. Auch im Farbplottbereich garantieren wir eine hohe Qualit\u00e4t und kurzfristige Fertigungszeiten. Plottdateien im PDF-Format k\u00f6nnenauf Datentr\u00e4ger oder per Email an uns \u00fcbergeben werden. Legen Sie einfach eine [&hellip;]<\/p>\n","protected":false},"author":1,"featured_media":0,"parent":0,"menu_order":0,"comment_status":"closed","ping_status":"closed","template":"","meta":{"footnotes":""},"class_list":["post-87","page","type-page","status-publish","hentry"],"_links":{"self":[{"href":"https:\/\/www.copythek.de\/index.php?rest_route=\/wp\/v2\/pages\/87","targetHints":{"allow":["GET"]}}],"collection":[{"href":"https:\/\/www.copythek.de\/index.php?rest_route=\/wp\/v2\/pages"}],"about":[{"href":"https:\/\/www.copythek.de\/index.php?rest_route=\/wp\/v2\/types\/page"}],"author":[{"embeddable":true,"href":"https:\/\/www.copythek.de\/index.php?rest_route=\/wp\/v2\/users\/1"}],"replies":[{"embeddable":true,"href":"https:\/\/www.copythek.de\/index.php?rest_route=%2Fwp%2Fv2%2Fcomments&post=87"}],"version-history":[{"count":18,"href":"https:\/\/www.copythek.de\/index.php?rest_route=\/wp\/v2\/pages\/87\/revisions"}],"predecessor-version":[{"id":588,"href":"https:\/\/www.copythek.de\/index.php?rest_route=\/wp\/v2\/pages\/87\/revisions\/588"}],"wp:attachment":[{"href":"https:\/\/www.copythek.de\/index.php?rest_route=%2Fwp%2Fv2%2Fmedia&parent=87"}],"curies":[{"name":"wp","href":"https:\/\/api.w.org\/{rel}","templated":true}]}}